prime factors of ((-5)/15)/(g/90).
3, 5
Let z be 120/(-45)*159/2. Let h = 317 + z. What are the prime factors of h?
3, 5, 7
Suppose -2*s - 2*j = -20, 4*j + 19 + 31 = 2*s. Let m(o) = o**2 + 21 - s + 2*o + 0*o + 27. List the prime factors of m(0).
3, 11
Let m be ((-24)/(-16))/((-2)/(-4)). List the prime factors of -284*m/(3*-2).
2, 71
Suppose 0 = 5*n - x + 2, 2*n - x = -6*x + 10. Suppose n = -3*k + 2*k + 10. List the prime factors of (-368)/(-40) + 8/k.
2, 5
Let p be (0 - 1)/(1/((-464)/(-2))). Let r = p - -490. What are the prime factors of r?
2, 3, 43
Suppose -3*h + 4*f - 479 = -2690, 15 = 5*f. What are the prime factors of h?
3, 13, 19
Let x = 287 + -271. List the prime factors of x.
2
Suppose -3*j + 20 = -5*j. Let s(t) = -t - 6. Let i be s(j). Suppose -4*g + c = -2*c - 15, i*g - 9 = -3*c. What are the prime factors of g?
3
What are the prime factors of (16 + 1101)/(1/1)?
1117
Suppose 8*t + 6369 = 3*h + 5*t, 4*t = 0. List the prime factors of h.
11, 193
Let x(a) = a**3 + 15*a**2 + 16*a + 3. What are the prime factors of x(-9)?
3, 5, 23
Let n(y) = 369*y**2 - 13*y - 27. List the prime factors of n(-4).
7, 11
Let k(t) = t**3 - 16*t**2 - 10*t - 7. What are the prime factors of k(20)?
7, 199
Suppose 12*v - 1052 = 10*v. List the prime factors of v.
2, 263
Let z be 2/(-4) + -4 + 78/12. Suppose 0 = z*h - 4*h + 168. What are the prime factors of h?
2, 3, 7
What are the prime factors of 4 + 17234/35 + 4/(-10)?
2, 31
Suppose 5*s + 208 + 57 = 5*k, 0 = 3*k - 5*s - 151. Let i = 206 - k. What are the prime factors of i?
149
Let y(x) = x**3 + 4*x**2 - 2*x + 1. Let v be y(-5). Let p = v + 59. Suppose -3*c = -q + 9, -5*q + 4*c = -0*c - p. What are the prime factors of q?
3
Let s(d) = d**3 + 23*d**2 - 31*d - 46. List the prime factors of s(-23).
23, 29
Suppose -29*i = -2410 - 7073. What are the prime factors of i?
3, 109
Let m(k) = k + 12. Let a be m(-9). Suppose z + 164 = a*z. List the prime factors of z.
2, 41
Suppose 1185 = -150*f + 153*f. What are the prime factors of f?
5, 79
Suppose -3*q - 2*q = 25. Let v be ((-16)/q - 2)*-25. Let k = v + 46. What are the prime factors of k?
2
Let l(h) = -4*h - 45. Let j be l(7). Let p = 76 - j. List the prime factors of p.
149
Let z be (-70)/15*(2 + 1) + 2. Let p = z - -33. What are the prime factors of p?
3, 7
Suppose 0 = 4*a - 4*t + 4, 4*t = -4*a + 3*t + 16. Suppose 3*i = 3*n - n - 126, a = -n. List the prime factors of -3 + i/(2*-2).
2
Let q be 56/12*-2*-63. Suppose 4*h + 5*w = q, -4*h + w + 3*w + 588 = 0. Suppose 2*n + n = h. List the prime factors of n.
7
Suppose -2*d = -0*d + 2*q - 6, -4*d + 3*q - 23 = 0. Let r(s) = 0 + 0*s - 7*s + s + 4. What are the prime factors of r(d)?
2
Suppose 37*i - 26842 + 5160 = 0. What are the prime factors of i?
2, 293
Let q(m) = -m**3 + 11*m**2 - 2*m - 1. List the prime factors of q(-8).
1231
Let d = 12 + -10. Suppose -3*q + 2*w = 2*q - 4, 0 = -q + d*w + 4. Let m = q + 22. List the prime factors of m.
2, 11
What are the prime factors of 3 + 454 + -2 + -2 + 3?
2, 3, 19
What are the prime factors of (-11)/((-198)/12)*339?
2, 113
Suppose -3*b + 3*c + 1293 = 0, -2*b - 4*c - 194 = -1062. List the prime factors of b.
2, 3
Let z be 23/4 - 20/(-80). List the prime factors of 884/z - 7/((-84)/8).
2, 37
Let s = -35 + -40. List the prime factors of (12/(-9))/(2/s).
2, 5
Suppose -13 = z + 3*l, 5*z = -3*l - 37 + 8. Let j(o) = -o**3 - o**2 + 4. What are the prime factors of j(z)?
2, 13
Let h(d) = -1083*d + 11. List the prime factors of h(-1).
2, 547
Let b(h) = h**3 + 5*h**2 + 4*h - 7. Let k be b(4). Suppose -k = -4*s + 2*p + 109, -5*p = -4*s + 265. List the prime factors of s.
5, 13
Suppose 25*u - 2187 = 16*u. List the prime factors of u.
3
Let u(v) = v**3 + 4*v**2 - 3*v + 7. Let a be u(-5). Let h(s) = 10*s**2 + 4*s + 6. List the prime factors of h(a).
2, 3, 7
Let t(v) be the third derivative of -v**4/12 - 5*v**3/2 - v**2. Let n be t(-10). Suppose 0 = -2*u - l + 26 + n, -4*u + 53 = -l. What are the prime factors of u?
2, 7
Suppose 0 = c + 4*c. Suppose 0 = -c*r + 3*r. Suppose r = -4*y + 75 + 13. What are the prime factors of y?
2, 11
Suppose 6 = -2*g + 3*w - 3, 0 = -2*g + 2*w - 6. Suppose g = a + 4*a - 60. What are the prime factors of a?
2, 3
Suppose 2*a = 5*f + 123 + 2398, 2*a + 4*f = 2548. What are the prime factors of a?
2, 317
Suppose -1509 = -8*o - 597. What are the prime factors of o?
2, 3, 19
Let t(j) = 69*j + 1141. What are the prime factors of t(65)?
2, 29, 97
Suppose 0 = -z - 3, s - 2 + 4 = -3*z. What are the prime factors of 0/(-1) + (s - -10)?
17
Suppose -8*u - 14*u = -34078. What are the prime factors of u?
1549
Suppose 17*z - 12*z = -25. Let d(j) = -j**3 - j**2 - j + 5. Let k be d(z). Suppose 0*w + 5*w = k. List the prime factors of w.
2, 11
Suppose 164 = 5*y - 76. Let p(u) = u**3 + 5*u**2 + 3*u - 5. Let r be p(-5). Let n = r + y. List the prime factors of n.
2, 7
Let m be ((-2)/(-7))/(5/70). Suppose -3*l = -2*l - m. List the prime factors of l.
2
Let n = -47 + 49. Suppose 0*y + 4*j = -y + 80, 187 = n*y - j. What are the prime factors of y?
2, 23
Let g(a) = 23*a - 330. List the prime factors of g(53).
7, 127
Suppose 0*j = 4*j + 2*q - 640, 830 = 5*j - 5*q. List the prime factors of j.
2, 3
Let s(y) = 39*y**2 + 24*y - 17. List the prime factors of s(6).
1531
Let g = 37 + -29. Suppose 4*n - g*n + 144 = 0. What are the prime factors of n?
2, 3
Let l = -124 + 246. Let b = l - 67. List the prime factors of b.
5, 11
Let n(h) = h**3 - 16*h**2 + h - 13. Let k be n(16). Suppose -2*d + 2*t + t = -20, k*t - 6 = 0. Suppose 1 = -2*b + d. What are the prime factors of b?
2, 3
Let g(f) = 75*f**2 + 3*f + 3. Let r be 6/12*(-2 + 0). List the prime factors of g(r).
3, 5
Suppose i = -3*r + 80, -5*i + 258 = -r - 62. Let m be -4 + 1 - 0 - 990/(-10). Let q = m - i. What are the prime factors of q?
31
Suppose 0 = -5*w - 4*i + 1596, -5*i + 332 = w - i. What are the prime factors of w?
2, 79
What are the prime factors of (1 + 22329/(-18))*-2?
37, 67
Suppose 3 = 3*c + 45. Let y be (-3)/(6/c) + 4. List the prime factors of (-26)/(-1) - (y - 11).
2, 13
Suppose -2*z = -6*p + 5*p + 713, 3*p - 4*z - 2135 = 0. What are the prime factors of p?
709
What are the prime factors of (7850/175)/(1/7)?
2, 157
Let k(d) = d + 1. Let o(u) = 5*u + 21. Let w(x) = -4*k(x) + o(x). What are the prime factors of w(-5)?
2, 3
Suppose 225038 = 43*f + 10*f. What are the prime factors of f?
2, 11, 193
Let g(w) = 8*w**2 - 8*w - 6. What are the prime factors of g(13)?
2, 3, 23
Let z(g) = -1 - 3 + 7*g**2 - g + 13*g + 0. What are the prime factors of z(-6)?
2, 11
Let z = 89 + -61. Let w = 31 - z. Suppose -w*i + 142 = -86. What are the prime factors of i?
2, 19
Suppose 4*l - 145 = -101. Suppose -14 - 8 = -l*z. What are the prime factors of z?
2
Let r = 12 - 9. Suppose -4*m = 4*w + 12, -3*m + 2*w - 17 + r = 0. Let l(y) = -y**3 - 2*y**2 + 5*y. What are the prime factors of l(m)?
2, 3
Let r(t) = t**3 - 17*t**2 - 37*t - 33. List the prime factors of r(26).
7, 727
Let p = 544 - 164. Let n be ((-12)/10)/((-6)/p). What are the prime factors of (-9)/(-6)*n/6?
19
Suppose l - 2*c = -3*l + 52, 3*l - 4*c = 44. Let i = l - 8. Suppose -2*s + 8 = i. List the prime factors of s.
2
Let a(j) = -j**2 + j - 1. Let c(q) = -12*q**2 + 7*q - 9. Let x(k) = 5*a(k) - c(k). What are the prime factors of x(5)?
13
Suppose 5*i = -0*i + 45. Suppose h + 1 - i = 0. Suppose h*n - 90 = 3*n. List the prime factors of n.
2, 3
Suppose 4*u = b - 157, 0*u + 3*b - 91 = 2*u. Let c = -26 - u. What are the prime factors of (-106)/(-8) - 3/c?
13
Let p be (-12)/(-24) - (-6)/4. Suppose -p*x + 6 = 4. List the prime factors of (-2 + x)*-26 - -3.
29
Suppose -1 = v - 2*i, 3*v + 7 = 4*v + 2*i. Let o = v - -1. Suppose -3*d = -o*r + 8 - 2, -3*d - 2*r + 12 = 0. List the prime factors of d.
2
Let z(h) = -h**2 + 13*h - 41. Let a be z(8). What are the prime factors of a - (-2 - (-2 - -90))?
89
Let k = -1332 + 2288. What are the prime factors of k?
2, 239
Suppose -q + 212 = -2*r, -2*q + 3*r = -0*q - 420. Let t = -131 + q. What are the prime factors of t?
73
Let d = -70 - -9. Let i = d + 174. List the prime factors of i.
113
Let o(p) = 2*p + 13. Let f be o(-5). Suppose -5*m + 4*l = -194, 0 = -f*m + 2*l + 80 + 38. List the prime factors of m.
2, 3, 7
Let x(j) be the third derivative of j**5/60 + 5*j**4/